281154613 prime?
True
Is 4297633751 composite?
False
Is 6576185137 a composite number?
True
Is 1490874563 prime?
True
Is 25236380443 a composite number?
False
Is 4182003509 a prime number?
False
Is 6481513921 a composite number?
True
Is 3946947607 prime?
True
Is 846721391 composite?
False
Is 17146839349 a composite number?
False
Is 601274693 a composite number?
False
Is 12003162643 composite?
False
Is 3050809793 a prime number?
True
Is 2627676749 prime?
False
Is 49998883609 a composite number?
True
Is 6325423673 composite?
True
Is 2357236841 prime?
False
Is 110128464463 a composite number?
True
Is 15942840269 a composite number?
False
Is 2023803737 a composite number?
False
Is 13742278063 a composite number?
True
Is 11190047941 prime?
True
Is 1629324007 a prime number?
True
Is 277134861 composite?
True
Is 20439399559 composite?
True
Is 23084223391 a prime number?
True
Is 11542618963 composite?
True
Is 17443410247 composite?
False
Is 15848043931 composite?
False
Is 12334192963 prime?
True
Is 55303531141 prime?
True
Is 17877689831 a composite number?
True
Is 2853740129 a prime number?
True
Is 125947812191 a composite number?
False
Is 112841983 a composite number?
True
Is 1092409243 composite?
False
Is 686310223 composite?
True
Is 4716477169 a composite number?
True
Is 623748859 composite?
True
Is 1692723029 a prime number?
False
Is 1546485341 prime?
True
Is 637650893 a prime number?
False
Is 3756194129 a composite number?
False
Is 13526090569 composite?
False
Is 476698199 composite?
False
Is 14763758821 a prime number?
False
Is 15187375787 a composite number?
False
Is 2808920441 a prime number?
False
Is 268884887 composite?
False
Is 10832804107 a composite number?
True
Is 10303768483 prime?
False
Is 34073747198 a composite number?
True
Is 2557166897 prime?
True
Is 1169899271 a prime number?
True
Is 496467401 composite?
True
Is 132504641 prime?
False
Is 2773619447 a composite number?
False
Is 292315205153 prime?
True
Is 25441036223 prime?
False
Is 2788837819 a prime number?
True
Is 134528567 prime?
False
Is 2442868031 prime?
True
Is 489759383 a prime number?
True
Is 10725629 prime?
True
Is 5149422871 composite?
False
Is 8381703601 a prime number?
False
Is 5540377541 composite?
False
Is 1783614337 a prime number?
False
Is 429918299 prime?
True
Is 156346492579 a prime number?
False
Is 149957354986 a composite number?
True
Is 5380549 a prime number?
True
Is 265709921 prime?
True
Is 271887461 prime?
True
Is 764818919 a prime number?
False
Is 101814121 prime?
False
Is 5737395163 prime?
True
Is 233462261 prime?
False
Is 4870686673 a composite number?
True
Is 127155863 prime?
True
Is 13041264809 a prime number?
False
Is 97553003 composite?
True
Is 327261659 composite?
True
Is 554146771 composite?
False
Is 102648496339 a prime number?
True
Is 71887479293 a composite number?
True
Is 3242244653 prime?
True
Is 1786556243 a composite number?
False
Is 23202493 prime?
True
Is 1437463261 composite?
True
Is 96324567899 a composite number?
True
Is 93649561 a prime number?
True
Is 1733827021 prime?
False
Is 1747222069 prime?
False
Is 2310386797 prime?
True
Is 643577459 a composite number?
True
Is 308608967 prime?
True
Is 18963888617 a prime number?
False
Is 2511811193 prime?
False
Is 11955790259 a prime number?
False
Is 5753480207 a prime number?
False
Is 15447454151 a prime number?
True
Is 313107506 a prime number?
False
Is 10424809981 composite?
True
Is 82027783 composite?
False
Is 14107435473 composite?
True
Is 1628022521 a composite number?
False
Is 3078742867 composite?
False
Is 9634178137 prime?
False
Is 149800226497 prime?
True
Is 81438919211 a prime number?
False
Is 5485155793 prime?
False
Is 188116403 a composite number?
True
Is 8939618981 prime?
True
Is 3455117327 a prime number?
False
Is 26726837531 composite?
True
Is 52484410597 prime?
True
Is 82046446549 a composite number?
False
Is 21606006623 a prime number?
False
Is 1458575477 a prime number?
True
Is 27371594641 a composite number?
False
Is 172131767254 prime?
False
Is 500555689 a prime number?
False
Is 2976555863 a prime number?
False
Is 2932920301 prime?
True
Is 28734509977 a composite number?
False
Is 15630119 composite?
False
Is 55757539347 a prime number?
False
Is 19540227781 prime?
True
Is 3500552377 a composite number?
True
Is 180394387 a prime number?
False
Is 14456617423 a prime number?
False
Is 2916120689 composite?
True
Is 1552797703 composite?
True
Is 5689065661 composite?
False
Is 19573367309 prime?
False
Is 937397669 a composite number?
True
Is 15792008923 a prime number?
True
Is 44471547301 a composite number?
True
Is 16313616185 prime?
False
Is 751497013 a composite number?
False
Is 29361423617 prime?
True
Is 19245348523 composite?
False
Is 13211548877 composite?
True
Is 49749094027 a prime number?
True
Is 1292176553 prime?
True
Is 5057288491 a composite number?
False
Is 7821061091 a prime number?
False
Is 16856030437 composite?
True
Is 458131243 prime?
False
Is 128642063497 prime?
False
Is 14076995123 a prime number?
True
Is 46878047897 a prime number?
True
Is 56591155087 a composite number?
True
Is 1132008439 a composite number?
False
Is 7066668223 composite?
True
Is 47563129 prime?
True
Is 321894799 a composite number?
False
Is 44784413533 composite?
True
Is 4371831865 a prime number?
False
Is 19852393633 a composite number?
True
Is 8646111287 a prime number?
False
Is 11079539509 a composite number?
True
Is 254889419 a prime number?
False
Is 3178527799 a prime number?
True
Is 2710354399 composite?
True
Is 45422117651 prime?
False
Is 275809463 a composite number?
False
Is 1157731531 a prime number?
False
Is 3553579487 prime?
True
Is 81929569 composite?
False
Is 1432789507 composite?
False
Is 44020239821 composite?
True
Is 105666914783 composite?
True
Is 59125510939 a composite number?
True
Is 130973693 composite?
False
Is 7488185069 prime?
False
Is 267852737 prime?
False
Is 38128009 composite?
True
Is 11890803473 a composite number?
True
Is 59850087911 composite?
False
Is 139613758495 a composite number?
True
Is 12022078121 prime?
True
Is 25711151681 a composite number?
True
Is 144998389 a prime number?
False
Is 7765605959 a prime number?
False
Is 4040317049 composite?
True
Is 3043075795 a composite number?
True
Is 35562429071 a composite number?
True
Is 2676390109 prime?
False
Is 3479530129 a composite number?
False
Is 470386817 a composite number?
False
Is 893922349 prime?
True
Is 22930475287 composite?
False
Is 24616086239 a prime number?
True
Is 3886817377 composite?
False
Is 2717946089 composite?
False
Is 1599530111 prime?
True
Is 2983178279 composite?
False
Is 21796380013 a composite number?
False
Is 33488164923 a prime number?
False
Is 360463289 prime?
True
Is 3939308543 a composite number?
False
Is 1993386751 a prime number?
True
Is 16397110991 a composite number?
False
Is 78290196209 a composite number?
True
Is 488389289 a prime number?
True
Is 53388341 composite?
True
Is 17504911139 a prime number?
False
Is 24374378689 composite?
True
Is 38186544203 prime?
False
Is 148348839281 a composite number?
False
Is 298584865339 a composite number?
True
Is 679583413 a prime number?
True
Is 41137568245 a prime number?
False
Is 27323205619 a prime number?
False
Is 298012051 a prime number?
True
Is 168189377371 prime?
True
Is 334315589 a composite number?
False
Is 7428178817 prime?
True
Is 4217611589 prime?
True
Is 139310183549 composite?
False
Is 6306663178 prime?
False
Is 200777459 a composite number?
True
Is 1430852639 prime?
True
Is 21092957741 a composite number?
False
Is 24688526249 composite?
False
Is 897190477 composite?
True
Is 6545007457 a prime number?
False
Is 2193131873 a prime number?
False
Is 1234442687 a composite number?
False
Is 61164179 a prime number?
False
Is 2318425873 composite?
False
Is 897535057 a prime number?
False
Is 767432639 a prime number?
True
Is 17788608151 a composite number?
True
Is 3247772161 a composite number?
False
Is 2312080513 a composite number?
False
Is 2322644021 a composite number?
False
Is 5328530929 a composite number?
True
Is 159282846403 composite?
False
Is 2237876321 a prime number?
False
Is 2198394521 a composite number?
False
Is 7066609129 prime?
True
Is 23626067993 a composite number?
True
Is 8089381 a composite number?
True
I